. Give k(x).
-11
Let x(q) = -4*q**3 + 30*q**2 - 21*q + 33. Let i(b) = -7*b**3 + 60*b**2 - 45*b + 66. Let d(f) = -3*i(f) + 5*x(f). Determine d(29).
-4
Suppose -19*g + 24*g + 4*q = -22, 0 = 4*g + 3*q + 18. Let t(n) = -9*n - 76. Calculate t(g).
-22
Let q(f) be the third derivative of f**6/120 - f**5/6 + 13*f**4/24 - 31*f**3/6 - 74*f**2 + 1. Let h be q(9). Let k(p) = -p**2 + p - 5. Calculate k(h).
-25
Let g(o) be the first derivative of o**3/3 - 3*o**2 + 8*o - 1265. Give g(3).
-1
Let k(t) be the first derivative of t**4/4 - 2*t**3 + 11*t**2/2 - 7*t - 19. Determine k(6).
59
Suppose 8*u = 79 - 63. Let v(b) = -2*b**2 + 3*b - 1. Determine v(u).
-3
Let k(d) be the second derivative of -d**4/12 + d**3/6 - d**2/2 - 14*d. Let a = 167 + -161. Suppose 2*w + 2*w = -3*r - 10, -4*r - a = -2*w. Give k(r).
-7
Suppose 441 = -106*s - 301. Let o(a) = 10*a + 42. Give o(s).
-28
Let o(u) = u**3 + 14*u**2 - 42*u - 6. Let v(y) = 3*y**2 + y - 2. Let w(c) = o(c) + v(c). Give w(-19).
49
Let g(l) = 0*l**3 + 4*l - 2*l**3 - 718*l**2 + 707*l**2 + 19 - l**3. Let k(h) = h**3 - h**2 - h - 1. Let m(u) = g(u) + 2*k(u). Determine m(-13).
-9
Let u(n) = 12*n - 1 - 8*n - 14*n - n**3 + 8*n**2. Let f = 3247 - 3240. Calculate u(f).
-22
Let v = -48258 - -48264. Let x(z) be the third derivative of z**5/60 - 3*z**4/8 + 10*z**3/3 - 3*z**2. Determine x(v).
2
Let o(p) = p**2 + p. Let c be 164/(-3) - 1/3. Let t be -3*1*c/15. Suppose 4*j = t*j. Give o(j).
0
Let h(m) = 5*m**3 - 37*m**2 - 14*m - 79. Let x be h(8). Let q(d) = 5*d + 1. Calculate q(x).
6
Let z(n) = -1. Let v(w) = -w - 7. Let r(d) = v(d) - 6*z(d). Let g(y) = -y**3 + 14*y**2 + 21*y - 94. Let k be g(15). What is r(k)?
3
Let w be (0 - -1)*(-3)/3. Let v(i) = 261*i - 23. Let f(u) = 92*u - 8. Let n(g) = -17*f(g) + 6*v(g). What is n(w)?
-4
Suppose -c - 14 - 21 = 3*z, 0 = 3*c + 15. Let b(j) = 13*j**2 + 53*j + 45. Let x(t) = -3*t**2 - 13*t - 11. Let k(u) = 2*b(u) + 9*x(u). Calculate k(z).
1
Let w(d) = 2*d**3 - 12*d**2 + d - 13. Let o(q) = -q**3 + 5*q**2 + 39*q - 21. Let s be o(9). Let g be w(s). Let i(u) = u + 6. Give i(g).
-1
Let n(v) = v**3 - 9*v**2 - v + 5. Let a(f) = 2*f**2 - 30*f + 92. Let w be a(11). Calculate n(w).
-79
Let s(z) = -3*z**2 - 17*z - 16. Suppose 253*j + 162 = 226*j. Determine s(j).
-22
Let j(i) = 5*i**2 + 84*i + 340. Let g be j(-7). Let f(q) = -q**2 - 7*q + 12. Calculate f(g).
24
Let j(p) = -25*p**2 + 4*p - 11. Let m(b) = -76*b**2 + 11*b - 35. Let t(i) = 10*j(i) - 3*m(i). Calculate t(2).
-79
Let c(z) = 9 + 3 - 8*z - 5 + z**2. Let n = -82 - -140. Let h = n + -52. Determine c(h).
-5
Let n(z) = 24*z + 20*z**2 + z**3 + 6 - 45*z**2 + 17*z**2 + 19*z**2. Give n(-8).
6
Let m(g) = -29*g - g**3 + 16*g + 63 + 33*g**2 - 21*g. Give m(32).
-1
Let i(f) = -f**3 - 7*f**2 + 6*f - 9. Let t = -8724 + 8716. Calculate i(t).
7
Let h(t) = -31*t**2 + 191*t + 495. Let c(z) = 5*z**2 - 32*z - 81. Let q(y) = -37*c(y) - 6*h(y). What is q(-36)?
-45
Suppose -3*z + 5*l = 16, -2*l + l = -2*z - 6. Let h(x) = x**3 + 2*x**2 - 2*x + 1. Let y be h(z). Let f(d) = 12*d + 6*d**2 - 5*d + y - d**3 - 13*d. Give f(5).
0
Let m(d) = -23*d**2 - d. Suppose -5*h - 15 = -10. Let q be (8/(-6))/((-8)/12). Let l be ((h/q)/(-1))/(83/(-166)). Give m(l).
-22
Let c(b) = -14*b**2 - 14*b - 63. Let t(a) = -25*a**2 - 27*a - 119. Let q(y) = -9*c(y) + 5*t(y). Give q(13).
24
Let l(v) = -6*v**3 - 13*v**2 + 29*v + 64. Let g be l(-2). Let i(r) = -3*r**3 - 3*r**2 + 2*r - 1. Determine i(g).
-33
Let d(y) = -y**3 - 11*y**2 - 8*y + 10. Suppose 2*f + 2*p = 1145 + 353, 4*f - 3*p = 2968. Suppose 0 = -4*k - 785 + f. Give d(k).
-10
Let s(y) = -24*y - 145. Suppose 2*t - h + 11 = 0, 3*t + 0*h = 2*h - 16. Let c be s(t). Let m(r) = -3*r + 1. What is m(c)?
4
Let x(u) = -u**3 - u + 1. Let o = 49 + -48. Let z(b) = b**3 + 8*b**2 - 7*b + 5. Let h(n) = o*z(n) + 2*x(n). Give h(7).
-7
Let b(p) be the third derivative of p**4/4 + 18*p**3 + 3429*p**2. Give b(-18).
0
Let n(o) = -83 - 19*o + 102 - 115 + 100. Determine n(-6).
118
Let x(l) = -2*l**2 + 38*l - 138. Let q be x(5). Let u(d) = -8 + 0*d + 2*d + 37*d**2 + 4*d - 39*d**2. Calculate u(q).
-4
Let k(m) = -m**3 - 6*m**2 - m - 5. Let z be k(-6). Let a(n) be the first derivative of 1/4*n**4 + 2/3*n**3 + 43 - n**2 + n. Calculate a(z).
2
Let i(z) = -z**2 - 3*z + 4. Let a be 0/(-5 + 2) + -33. Let o be 1/((-6)/a)*-2. Let c = o + 7. Calculate i(c).
0
Let d(c) be the second derivative of 77*c + 1/2*c**2 + 1/3*c**4 - 2 - 3/20*c**5 - 1/2*c**3. Determine d(2).
-13
Let f(v) = -v**2 - 21*v + 94. Let t = 2259 + -2255. Give f(t).
-6
Let g = 1052 + -1056. Let q(h) = -5*h**2 - 17*h + 7. Give q(g).
-5
Let w(f) be the first derivative of 4/3*f**3 + 0*f**2 - 3*f + 1/4*f**4 + 45. Suppose 1 = -2*u - 7. What is w(u)?
-3
Suppose h + x = -12, 3*h = -5*x - 210 + 168. Let z(l) = l**3 + 10*l**2 + 6*l - 41. Determine z(h).
-14
Let g(h) = -h**3 - 8*h**2 - 15*h - 13. Let r be (-2)/(-9) - 2000/9. Let v = 216 + r. Determine g(v).
5
Let k(s) = -s**2 - s + 1. Let f(m) = -9*m**2 - 4*m - 7. Let t(q) = -10*q**2 - 3*q - 7. Let l(z) = -6*f(z) + 5*t(z). Let o(n) = -5*k(n) - l(n). Determine o(5).
-7
Let i(l) = -7*l**2 + 5*l**2 - 189 + 13*l + 178. Determine i(8).
-35
Let d(v) = -v**3 - 9*v**2 + 18*v + 33. Let k be 8/(-140)*(-27 + 32) - (-68)/(-7). What is d(k)?
-47
Let c(i) = 31849*i**3 - 15 + 2*i - 9*i**2 + i - 31848*i**3. Determine c(8).
-55
Let v = 135 + -142. Let l be (1 - 2)*(7/(-1) - v). Let k(x) = l*x + 7*x - 2*x + 3*x. Give k(1).
8
Let z(p) = -p**2 + 3*p + 15. Let o be (108/63)/((28/(-49))/2). Determine z(o).
-39
Let g(p) = 2*p + 2. Let x(b) = -4*b**2 - 105*b + 208. Let a be x(-28). What is g(a)?
26
Suppose -3 = -b - 0. Let h(p) be the first derivative of p**4/4 - 2*p**3/3 - 5*p**2/2 + 2*p + 2238. Give h(b).
-4
Let s(r) = -30*r**3 + 8*r**2 - 14*r + 6. Let d(k) be the first derivative of -11*k**4/4 + k**3 - 5*k**2/2 + 2*k - 60. Let f(c) = 11*d(c) - 4*s(c). Give f(0).
-2
Let t = 689 + -472. Let l = t - 208. Let o(q) = q - 10. Determine o(l).
-1
Let q(x) = -x**3 + 39*x**2 - 39*x + 84. Let j be q(38). Let d(s) = -1 - 3*s - 22*s**2 - 23*s**2 + j*s**2. Calculate d(-2).
9
Let w = -211 + 213. Let m(j) = 9*j**w - 10*j**2 - 7*j + 0*j**2. What is m(-3)?
12
Let w(s) = -6*s + 16. Let m(c) = 51*c - 90. Let q be m(2). What is w(q)?
-56
Let v be 3/(-6)*(-14 - -14). Let o(m) be the first derivative of v*m**2 - m + 10 + 0*m**3 - 13/4*m**4. What is o(1)?
-14
Let l(j) = -3*j + 0*j - j**2 + 4*j**2. Suppose 0 = 3*s - 15, 0 = 8*k - 12*k - s + 33. Let u(i) = -5*i**2 + 5*i - 1. Let a(y) = k*l(y) + 4*u(y). Determine a(-3).
8
Let w(u) = -60*u - 101. Let c(h) = 28*h + 47. Let g(k) = 13*c(k) + 6*w(k). Calculate g(-4).
-11
Suppose -3*n + 32 = 2*f + 30, -f - 12 = -5*n. Let d(q) be the first derivative of 1 - 3*q + q**2 - q**3 + 1/4*q**4. Give d(n).
-3
Let v(y) = 208 - 281571*y - y**3 + 140716*y + 140714*y + 71*y**2. What is v(69)?
1
Let b(c) = -c**3 - 6*c**2 - 5*c + 4. Let t(g) = -g**2 + 22*g - 94. Let o be t(16). Let w be -2 + (o - (0 + 4)). Give b(w).
-8
Let v = 2190 + -2182. Let o(l) = -l**2 + 15*l - 54. Determine o(v).
2
Let p(w) = -w**2 - 7*w + 1. Suppose -1377 = 416*l + 1119. What is p(l)?
7
Let m = 7939 + -7947. Let g(d) be the second derivative of 2*d - 1/3*d**3 - 7/2*d**2 + 0. What is g(m)?
9
Suppose -5 = z - 6*z, 0 = i + 2*z - 10. Let g(u) = 1 - 3 - 6 + i - 7*u. What is g(-4)?
28
Let y be -4 - (7 + -5 - 2 - 1). Let v be (-11 + (-24)/y)*-1. Let c(k) = -2*k**3 + 3*k + 2. Calculate c(v).
-43
Let n(l) = 21 - 5*l - 3*l**2 - 8*l + l**3 - 36 + 11 + 14. What is n(5)?
-5
Let i(m) = -20*m - 91. Suppose 3055*f - 3107*f = 312. Determine i(f).
29
Let z(w) = -11*w - 633. Let l be (0 - (-1)/1)*-6*(-1311)/(-138). What is z(l)?
-6
Let m(f) = -f**2 - 161*f - 4304. Let u be m(-34). Let k(h) = -h**2 + 14*h + 4. What is k(u)?
4
Suppose 157*u - 49 - 530 = 206. Let t(o) be the first derivative of -o**3/3 + 3*o**2 - 2*o + 1. What is t(u)?
3
Let k = -4051 + 4053. Let n(d) be the first derivative of -d - 10 - d**k + 1/3*d**3. Calculate n(2).
-1
Let x(t) be the first derivative of -t**7/840 + t**5/60 + t**4/8 - 172*t**3/3 + 99. Let m(g) be the third derivative of x(g). Calculate m(-2).
7
Let b(h) = -20*h**3 - 3*h**2 - h - 1. Let m be b(-1). Let v be ((-11)/2*2)/(16 - m). Let w(g) = 2*g**2 - 22*g - 2. Calculate w(v).
-2
Let a(m) = 4*m**2 - 6*m